{"id":92,"date":"2025-06-24T15:43:14","date_gmt":"2025-06-24T12:43:14","guid":{"rendered":"http:\/\/suomenreformijuutalaiset.org\/new\/?page_id=92"},"modified":"2025-10-28T00:28:15","modified_gmt":"2025-10-27T22:28:15","slug":"juutalaisuuden-pyhat-kirjat","status":"publish","type":"page","link":"https:\/\/suomenreformijuutalaiset.org\/new\/uskonto\/juutalaisuuden-pyhat-kirjat\/","title":{"rendered":"Juutalaisuuden pyh\u00e4t kirjat"},"content":{"rendered":"\n<p class=\"has-medium-font-size\">Juutalaisuus perustuu kristittyjen Vanhana Testamenttina tuntemaan kirjaan, heprealaiseen raamattuun. Juutalaisuudessa sit\u00e4 kutsutaan Tanakhiksi, joka on akronyymi ja tulee hepreankielisist\u00e4 nimityksist\u00e4 eri luokille, joihin erilaiset tekstit jaotellaan. Ryhmi\u00e4 on kolme: <em><strong>T<\/strong>orah<\/em> (eli viisi Mooseksen kirjaa), <em><strong>N<\/strong>evi\u2019im<\/em> eli profeetat sek\u00e4 <em><strong>K<\/strong>etuvim<\/em> eli kirjoitukset.<\/p>\n\n\n\n<p class=\"has-medium-font-size\">Vanhinta rabbiinisen ajan kirjallisuutta edustaa <em>Mishna<\/em>, Judah ha-Nasin 200- ja 300-lukujen vaihteessa koostama kokoelma suullisena tietona periytyneest\u00e4 oraalisesta Toorasta, joka pit\u00e4\u00e4 sis\u00e4ll\u00e4\u00e4n tuntemuksen niist\u00e4 juutalaisia koskevista laeista ja m\u00e4\u00e4r\u00e4yksist\u00e4, joita ei ollut tallennettu kirjallisesti kanonisoituun Tooraan.<\/p>\n\n\n\n<p class=\"has-medium-font-size\">Yhdess\u00e4 <em>Gemaran<\/em> kanssa Mishna muodostaa kokonaisuuden nimelt\u00e4\u00e4n <em>Talmud<\/em>. Gemara on kokoelma rabbien tulkintoja ja keskusteluita Mishnasta.<\/p>\n\n\n\n<p class=\"has-medium-font-size\">Talmud on siis Tanakhin j\u00e4lkeen juutalaisuuden uskonnollisen kirjallisuuden merkitt\u00e4vin teos sek\u00e4 <em>halakhan<\/em>, juutalaisen uskonnollisen lain auktoriteetti. N\u00e4it\u00e4 on olemassa kaksi: n. vuonna 500 koostettu Babylonian Talmud sek\u00e4 vanhempi ja suppeampi, Israelissa arviolta vuosien 350-400 v\u00e4liss\u00e4 koostettu Jerusalemin Talmud. \u201dTalmudista\u201d puhuttaessa viitataan yleens\u00e4 Babylonian Talmudiin, joka on mittava ja elinik\u00e4iseen oppimiseen kannustava hanke: kaikkiaan 38 kirjan laajuinen teos koostuu yhteens\u00e4 liki 3000 tihe\u00e4sti molemmin puolin kirjoitetusta sivusta.<\/p>\n\n\n\n<p class=\"has-medium-font-size\"><em>Midrash<\/em> puolestaan on Talmudia selitt\u00e4v\u00e4, tarkentava ja tulkitseva teos. Varsinaisen, eri rabbiinisten auktoriteettien vuosina 400\u20131200 laatimista kirjoituksista kootun teoksen lis\u00e4ksi on olemassa my\u00f6s muuta midrashista kirjallisuutta.<\/p>\n\n\n\n<figure class=\"wp-block-image size-full\"><img loading=\"lazy\" decoding=\"async\" width=\"600\" height=\"10\" src=\"http:\/\/suomenreformijuutalaiset.org\/new\/wp-content\/uploads\/2025\/10\/valirivi.jpg\" alt=\"\" class=\"wp-image-272\" srcset=\"https:\/\/suomenreformijuutalaiset.org\/new\/wp-content\/uploads\/2025\/10\/valirivi.jpg 600w, https:\/\/suomenreformijuutalaiset.org\/new\/wp-content\/uploads\/2025\/10\/valirivi-300x5.jpg 300w\" sizes=\"auto, (max-width: 600px) 100vw, 600px\" \/><\/figure>\n\n\n<div class=\"wp-block-image\">\n<figure class=\"aligncenter size-full\"><img loading=\"lazy\" decoding=\"async\" width=\"800\" height=\"599\" src=\"http:\/\/suomenreformijuutalaiset.org\/new\/wp-content\/uploads\/2025\/10\/writing-scroll.jpg\" alt=\"\" class=\"wp-image-489\" srcset=\"https:\/\/suomenreformijuutalaiset.org\/new\/wp-content\/uploads\/2025\/10\/writing-scroll.jpg 800w, https:\/\/suomenreformijuutalaiset.org\/new\/wp-content\/uploads\/2025\/10\/writing-scroll-300x225.jpg 300w, https:\/\/suomenreformijuutalaiset.org\/new\/wp-content\/uploads\/2025\/10\/writing-scroll-768x575.jpg 768w, https:\/\/suomenreformijuutalaiset.org\/new\/wp-content\/uploads\/2025\/10\/writing-scroll-700x524.jpg 700w\" sizes=\"auto, (max-width: 800px) 100vw, 800px\" \/><figcaption class=\"wp-element-caption\"><em>Toora-k\u00e4\u00e4r\u00f6\u00e4 kirjoitettaessa ei siihen saa tehd\u00e4 ainoatakaan virhett\u00e4 tai se on k\u00e4ytt\u00f6kelvoton.<\/em><\/figcaption><\/figure>\n<\/div>","protected":false},"excerpt":{"rendered":"<p>Juutalaisuus perustuu kristittyjen Vanhana Testamenttina tuntemaan kirjaan, heprealaiseen raamattuun. Juutalaisuudessa sit\u00e4 kutsutaan Tanakhiksi, joka on akronyymi ja tulee hepreankielisist\u00e4 nimityksist\u00e4 eri luokille, joihin erilaiset tekstit jaotellaan. Ryhmi\u00e4 on kolme: Torah (eli viisi Mooseksen kirjaa), Nevi\u2019im eli profeetat sek\u00e4 Ketuvim eli kirjoitukset. Vanhinta rabbiinisen ajan kirjallisuutta edustaa Mishna, Judah ha-Nasin 200- ja 300-lukujen vaihteessa koostama kokoelma [&hellip;]<\/p>\n","protected":false},"author":1,"featured_media":0,"parent":50,"menu_order":1,"comment_status":"closed","ping_status":"closed","template":"","meta":{"footnotes":""},"class_list":["post-92","page","type-page","status-publish","hentry"],"_links":{"self":[{"href":"https:\/\/suomenreformijuutalaiset.org\/new\/wp-json\/wp\/v2\/pages\/92","targetHints":{"allow":["GET"]}}],"collection":[{"href":"https:\/\/suomenreformijuutalaiset.org\/new\/wp-json\/wp\/v2\/pages"}],"about":[{"href":"https:\/\/suomenreformijuutalaiset.org\/new\/wp-json\/wp\/v2\/types\/page"}],"author":[{"embeddable":true,"href":"https:\/\/suomenreformijuutalaiset.org\/new\/wp-json\/wp\/v2\/users\/1"}],"replies":[{"embeddable":true,"href":"https:\/\/suomenreformijuutalaiset.org\/new\/wp-json\/wp\/v2\/comments?post=92"}],"version-history":[{"count":7,"href":"https:\/\/suomenreformijuutalaiset.org\/new\/wp-json\/wp\/v2\/pages\/92\/revisions"}],"predecessor-version":[{"id":493,"href":"https:\/\/suomenreformijuutalaiset.org\/new\/wp-json\/wp\/v2\/pages\/92\/revisions\/493"}],"up":[{"embeddable":true,"href":"https:\/\/suomenreformijuutalaiset.org\/new\/wp-json\/wp\/v2\/pages\/50"}],"wp:attachment":[{"href":"https:\/\/suomenreformijuutalaiset.org\/new\/wp-json\/wp\/v2\/media?parent=92"}],"curies":[{"name":"wp","href":"https:\/\/api.w.org\/{rel}","templated":true}]}}